False
Is 17782220 a multiple of 620?
True
Is 181959832 a multiple of 344?
True
Is 291309376 a multiple of 64?
True
Does 39 divide 600656550?
True
Is 20753992 a multiple of 64?
False
Is 15501456 a multiple of 486?
True
Is 290 a factor of 885392620?
True
Is 55591095 a multiple of 1061?
True
Is 610746301 a multiple of 391?
True
Is 17507472 a multiple of 21?
False
Is 12 a factor of 1188489540?
True
Is 33 a factor of 32127028?
False
Does 102 divide 15579276?
True
Does 716 divide 28035696?
True
Is 25 a factor of 182525575?
True
Does 11 divide 11920634?
True
Does 1826 divide 294312854?
True
Is 56756190 a multiple of 10?
True
Does 216 divide 329933710?
False
Is 908 a factor of 287069538?
False
Is 57070635 a multiple of 15?
True
Does 269 divide 81124213?
True
Does 15 divide 2581106239?
False
Does 35 divide 120126020?
True
Is 2819303785 a multiple of 6334?
False
Is 37699320 a multiple of 30?
True
Is 129 a factor of 2647542684?
False
Is 62124605 a multiple of 493?
False
Is 22 a factor of 379327102?
True
Is 3101999 a multiple of 253?
False
Is 493 a factor of 530433490?
True
Does 3 divide 37995462?
True
Does 11935 divide 2312655357?
False
Does 3279 divide 134519797?
False
Is 1089295284 a multiple of 6874?
True
Does 234 divide 19437782?
False
Is 6 a factor of 24659034?
True
Does 7 divide 922948896?
False
Does 662 divide 4786496?
False
Does 9 divide 3743858?
False
Does 68 divide 9687428?
False
Is 19 a factor of 105032665?
True
Is 66 a factor of 1647572916?
True
Is 7218 a factor of 934882578?
True
Is 1221 a factor of 30001056?
False
Does 8 divide 132892856?
True
Is 115 a factor of 277461765?
True
Does 5485 divide 3452085949?
False
Is 862 a factor of 4353962?
True
Does 23 divide 216627076?
False
Is 1700 a factor of 195134500?
True
Is 64 a factor of 1368208?
False
Does 44 divide 9994432?
False
Is 7947069 a multiple of 13?
True
Does 5390 divide 411533862?
False
Is 294093476 a multiple of 5339?
True
Is 20422935 a multiple of 27?
True
Is 2538231 a multiple of 7?
False
Is 8689022 a multiple of 113?
True
Does 906 divide 266366243?
False
Is 202078003 a multiple of 12?
False
Is 3 a factor of 785971023?
True
Is 881 a factor of 435782?
False
Is 963 a factor of 268062999?
False
Is 296792841 a multiple of 5536?
False
Does 220 divide 251620160?
True
Does 369 divide 27713745?
True
Is 3896185860 a multiple of 252?
True
Is 18272745 a multiple of 45?
True
Is 138 a factor of 132870402?
True
Is 1383877701 a multiple of 9?
True
Does 99 divide 3014470701?
True
Does 8 divide 6266832?
True
Does 63 divide 2779038234?
True
Does 61 divide 583459205?
True
Does 360 divide 31107960?
True
Does 1669 divide 165686637?
True
Is 38 a factor of 2955982?
True
Is 110 a factor of 4602510?
True
Is 53 a factor of 169763175?
False
Does 1131 divide 1633064226?
False
Is 46 a factor of 241073672?
True
Is 796 a factor of 25253851?
False
Is 114681864 a multiple of 408?
True
Is 1619 a factor of 244999139?
False
Does 13 divide 63778195?
True
Is 612533173 a multiple of 19?
False
Is 230049312 a multiple of 32?
True
Is 35 a factor of 28161280?
True
Is 18 a factor of 139158?
True
Is 3195 a factor of 140108303?
False
Is 13628628 a multiple of 153?
True
Is 2 a factor of 7346269?
False
Does 878 divide 78727626?
True
Does 147 divide 412297450?
False
Is 51 a factor of 15817918?
False
Is 8 a factor of 27887570?
False
Is 420 a factor of 3935249220?
True
Is 19371858 a multiple of 33?
True
Does 59 divide 6970529?
False
Is 15898696 a multiple of 57?
False
Is 248 a factor of 38872264?
True
Does 506 divide 219224251?
False
Is 8784924 a multiple of 48?
False
Does 139 divide 68619991?
True
Does 5 divide 12026678?
False
Does 588 divide 58854684?
True
Is 117408555 a multiple of 13?
False
Does 351 divide 3471280?
False
Is 79 a factor of 2193306941?
True
Is 25 a factor of 34096325?
True
Is 2602 a factor of 135959704?
True
Is 89446721 a multiple of 102?
False
Does 427 divide 27043618?
True
Does 3922 divide 212007632?
True
Is 132 a factor of 54527388?
False
Does 57 divide 726775365?
True
Does 76 divide 10379472?
True
Is 8 a factor of 841706664?
True
Does 10 divide 572153724?
False
Does 75 divide 10849800?
True
Does 1972 divide 41927417?
False
Is 338216235 a multiple of 105?
True
Does 40 divide 2538091600?
True
Does 12 divide 114937416?
True
Does 9 divide 18406?
False
Is 252 a factor of 79601431?
False
Is 5900 a factor of 200411200?
True
Is 7183 a factor of 998401019?
False
Is 922 a factor of 42643968?
False
Is 7 a factor of 37123566?
False
Does 127 divide 1420508485?
False
Is 53890390 a multiple of 1510?
True
Is 455 a factor of 118125972?
False
Does 2801 divide 60344744?
True
Does 24 divide 101290205?
False
Is 99474216 a multiple of 11?
False
Is 12 a factor of 892924?
False
Is 780730083 a multiple of 16?
False
Is 856 a factor of 410582968?
True
Does 85 divide 157736965?
True
Is 1652319539 a multiple of 12192?
False
Is 205212627 a multiple of 9?
True
Does 9 divide 13899215?
False
Does 682 divide 43598214?
True
Is 1110094318 a multiple of 16?
False
Does 37 divide 497051969?
True
Is 461 a factor of 4972465?
False
Is 91425216 a multiple of 6?
True
Is 999 a factor of 1301879817?
True
Is 1972 a factor of 1490467?
False
Is 1717 a factor of 330668445?
True
Is 3047460 a multiple of 23?
False
Is 1128766160 a multiple of 40?
True
Does 147 divide 13166011?
False
Is 220857014 a multiple of 14?
True
Does 6 divide 90176681?
False
Is 1436016 a multiple of 48?
True
Is 553947084 a multiple of 3966?
True
Does 361 divide 1313832?
False
Does 98 divide 188027994?
True
Is 103 a factor of 73827413?
True
Does 111 divide 53225242?
False
Is 67 a factor of 4816407?
False
Is 24 a factor of 51462000?
True
Does 1773 divide 452934126?
True
Is 17 a factor of 1022021045?
True
Is 6 a factor of 14700149?
False
Does 17 divide 1153608308?
False
Does 582 divide 17322066?
True
Is 9286816 a multiple of 17?
False
Is 5 a factor of 53375322?
False
Is 440 a factor of 487417920?
True
Is 10927961 even?
False
Does 1080 divide 495830812?
False
Is 4 a factor of 5102365?
False
Is 189 a factor of 71712648?
True
Is 22945306 a multiple of 23?
True
Does 924 divide 49283953?
False
Does 1654 divide 13150954?
True
Is 229874331 a multiple of 41?
True
Is 43 a factor of 3332532?
False
Is 41758945 a multiple of 279?
False
Is 6349805 a multiple of 161?
False
Does 791 divide 16249568?
False
Is 927 a factor of 43228791?
True
Is 113 a factor of 854251?
False
Is 267163082 a multiple of 7?
False
Is 75 a factor of 8704650?
True
Is 79188686 a multiple of 17?
True
Does 651 divide 133361907?
True
Is 237 a factor of 145941045?
True
Is 102779992 a multiple of 56?
True
Is 1077883584 a multiple of 5390?
False
Is 218046375 a multiple of 303?
True
Is 963665010 a multiple of 4039?
True
Does 15 divide 710726613?
False
Is 450078444 a multiple of 207?
True
Is 78095967 a multiple of 259?
False
Is 76 a factor of 49291113?
False
Does 93 divide 18222141?
True
Is 446 a factor of 1678744?
True
Is 1646800538 a multiple of 62?
True
Does 2195 divide 1262036853?
False
Is 105431185 a multiple of 14?
False
Is 10670454 a multiple of 162?
True
Does 450 divide 156055950?
True
Does 261 divide 20895138?
True
Is 8 a factor of 381644477?
False
Is 85429731 a multiple of 109?
True
Is 18 a factor of 61871378?
False
Is 77 a factor of 2252826?
False
Does 11 divide 1962607487?
False
Does 1351 divide 9724554?
False
Does 10 divide 448290?
True
Is 11 a factor of 160671860?
False
Is 79291864 a multiple of 4?
True
Is 15 a factor of 1049252100?
True
Is 97 a factor of 2664590?
True
Is 28134157 a multiple of 13?
False
Does 102 divide 604620330?
False
Is 21 a factor of 87179298?
False
Is 41437866 a multiple of 2733?
False
Is 106 a factor of 4209578?
True
Does 3 divide 6093416?
False
Does 212 divide 79155288?
True
Is 32 a factor of 23148256?
True
Is 67544391 a multiple of 12?
False
Is 1083924171 a multiple of 33?
True
Does 14 divide 1401391413?
False
Is 3 a factor of 22656279?
True
Does 26 divide 1448271838?
True
Is 74 a factor of 42667734?
True
Does 192 divide 35343840?
False
Is 371 a factor of 484192100?
True
Is 2 a factor of 1364733751?
False
Does 25 divide 243420000?
True
Does 21 divide 6668855073?
False
Does 9 divide 30509244?
True
Is 214030307 a multiple of 43?
True
Is 1071721 a multiple of 76?
False
Is 4175388 a multiple of 49?
True
I